{"id":77,"date":"2011-09-26T15:01:35","date_gmt":"2011-09-26T15:01:35","guid":{"rendered":"http:\/\/guiadeviajecanariascom.wordpress.com\/?page_id=77"},"modified":"2016-03-21T11:31:48","modified_gmt":"2016-03-21T11:31:48","slug":"consejos","status":"publish","type":"page","link":"https:\/\/www.canarias.com\/blog\/consejos\/","title":{"rendered":"Oferta en Hoteles"},"content":{"rendered":"<h1>Oferta en Hoteles<\/h1>\n<p>Nuestro equipo siempre est\u00e1 a la caza de las mejores gangas en hoteles, para que disfrutes al m\u00e1ximo de tus vacaciones<\/p>\n<h5><a href=\"http:\/\/www.canarias.com\">Entra y compr\u00faebalo t\u00fa mismo!<\/a><\/h5>\n<p>&nbsp;<\/p>\n","protected":false},"excerpt":{"rendered":"<p>Oferta en Hoteles Nuestro equipo siempre est\u00e1 a la caza de las mejores gangas en hoteles, para que disfrutes al m\u00e1ximo de tus vacaciones Entra y compr\u00faebalo t\u00fa mismo! &nbsp;<\/p>\n","protected":false},"author":1,"featured_media":1291,"parent":0,"menu_order":0,"comment_status":"open","ping_status":"open","template":"","meta":[],"_links":{"self":[{"href":"https:\/\/www.canarias.com\/blog\/wp-json\/wp\/v2\/pages\/77"}],"collection":[{"href":"https:\/\/www.canarias.com\/blog\/wp-json\/wp\/v2\/pages"}],"about":[{"href":"https:\/\/www.canarias.com\/blog\/wp-json\/wp\/v2\/types\/page"}],"author":[{"embeddable":true,"href":"https:\/\/www.canarias.com\/blog\/wp-json\/wp\/v2\/users\/1"}],"replies":[{"embeddable":true,"href":"https:\/\/www.canarias.com\/blog\/wp-json\/wp\/v2\/comments?post=77"}],"version-history":[{"count":5,"href":"https:\/\/www.canarias.com\/blog\/wp-json\/wp\/v2\/pages\/77\/revisions"}],"predecessor-version":[{"id":3605,"href":"https:\/\/www.canarias.com\/blog\/wp-json\/wp\/v2\/pages\/77\/revisions\/3605"}],"wp:featuredmedia":[{"embeddable":true,"href":"https:\/\/www.canarias.com\/blog\/wp-json\/wp\/v2\/media\/1291"}],"wp:attachment":[{"href":"https:\/\/www.canarias.com\/blog\/wp-json\/wp\/v2\/media?parent=77"}],"curies":[{"name":"wp","href":"https:\/\/api.w.org\/{rel}","templated":true}]}}